2*h - 293. Is c composite?
False
Suppose -x - 47 = -2*x. Let m = 67 - 39. Let n = x - m. Is n a prime number?
True
Let c(z) = -z**2 - z - 1. Let f be c(0). Let i = -2 - f. Is i/(-1 + 68/70) composite?
True
Let q = -39 + -10. Let o(m) = m**3 + 4*m**2 - 4*m + 6. Let z be o(-5). Is -5 - -3 - (z + q) prime?
False
Let b = 8073 - 5602. Is b a prime number?
False
Let y be 54/8 - (-9)/(-12). Let a(j) = j**3 - 5*j**2 - 2*j + 9. Is a(y) a composite number?
True
Suppose 3*u + 2*u = 20. Suppose u*x = 6 + 18. Is x a prime number?
False
Suppose 932 + 1221 = r. Is r a prime number?
True
Let s be ((-6)/(-5))/((-2)/(-10)). Let z(u) = -u + 7. Let q be z(s). Let k(j) = 20*j - 1. Is k(q) a prime number?
True
Is ((-6)/(-24))/(2/1784) composite?
False
Suppose -g + 4*g = 0. Suppose g*s + 183 = j - 4*s, -3*j + 5*s + 514 = 0. Is j composite?
False
Suppose 6*i - 2*i - 3*h - 15962 = 0, 0 = 3*i - 2*h - 11971. Is i a prime number?
True
Suppose a - 160 = -3*a. Let v be 3 - (-4)/(-8)*-4. Suppose f + a = v*f. Is f composite?
True
Suppose 2*l - 328 - 407 = -5*a, 147 = a + 5*l. Suppose a = 5*r + 37. Is r a composite number?
True
Let x be (6/4)/((-1)/(-2)). Suppose 7*r = x*r. Is (r - -1) + 22 + 2 a prime number?
False
Let o = -48 + 81. Is o a composite number?
True
Let d(u) be the second derivative of -u**3 + u**2/2 + 2*u. Is d(-6) a prime number?
True
Suppose -3 + 7 = 2*b. Suppose -5*h = 5*v - 225, 0*h + v - 94 = -b*h. Is h a composite number?
True
Let i = -2 - -17. Suppose 3*m - i = -2*m. Suppose 0 = 2*u - 2*b - 40, -u + m*b = -0*b - 18. Is u a prime number?
False
Let l be (8/10)/((-20)/(-50)). Suppose -995 = -7*z + l*z. Is z a composite number?
False
Let p(l) = -l**2 - 7*l + 11. Let q be p(-7). Let b(n) = -11*n + 14. Let k(y) = 10*y - 13. Let j(w) = -3*b(w) - 2*k(w). Is j(q) a composite number?
False
Is (-267)/(-2) - (-2)/4 prime?
False
Let s = 1731 + -676. Is s prime?
False
Let i be (1/(-2))/(1/(-46)). Suppose -5*u - 2*p + i = 2, 2*u + 4*p = 18. Suppose -3*s - 190 = -3*a - 2*a, -3*s + 90 = u*a. Is a prime?
False
Suppose 19464 = 4*p + 4*p. Is p a composite number?
True
Let j(h) = -h**2. Let w be j(0). Is 72 + (w/(-2) - -2) prime?
False
Let i be 2 - -686 - (-5 + 1). Suppose 5*q + 3*d - 3447 = d, i = q + 3*d. Is q a prime number?
False
Suppose -3*d - 132 = -423. Is d a prime number?
True
Let p = -1 - 1. Let i(k) = -k**3 + 5*k**2 + 6*k - 1. Let g be i(6). Is (-2 - g - p)*79 a composite number?
False
Let a(w) = -11*w + 18. Is a(-8) composite?
True
Let l(q) = 10*q + 1. Let f be l(5). Suppose -3*x + 212 = 4*y, -108 = -3*y + 2*x + f. Is y prime?
True
Suppose 4*m - 6*m + 148 = 0. Is (m + 0)*2/4 a composite number?
False
Let m = 606 - 428. Suppose -85 = -3*l - w + m, -2*l + 4*w = -166. Is l composite?
True
Suppose 87 = -2*z - 123. Let a = z - -216. Is (2 + 5/(-3))*a a composite number?
False
Let k be 8/(-10)*(4 - 379). Let s = k + -173. Is s composite?
False
Let s = -5 + 10. Suppose 8*d - 4*d - 4*v = 1012, -s*d + 1277 = -2*v. Is d a prime number?
True
Let c be (-4)/(-6) - 8/(-6). Let g be ((-4)/c)/((-3)/6). Suppose -g*r + r = -30. Is r a prime number?
False
Let l be -3*(3 - (-4)/4). Is ((-190)/20)/(2/l) a prime number?
False
Suppose 5*w = -162 + 1472. Is w a prime number?
False
Let s be (-102)/(-24) + 6/8. Suppose -2*m + 69 = -f, s*m + 0*m = 5*f + 160. Is m prime?
True
Let w be (175/20)/(1/4). Suppose 3*y + 2*y + 50 = 5*z, -z - 4*y = -w. Is z a composite number?
True
Let c = 388 + 153. Is c prime?
True
Suppose 0 = -c - 5*d - 7, 2*c + 2*d = -3*c - 127. Let w be (-2 + 4)*c/(-6). Is 119/3 + (-6)/w a composite number?
True
Let w be ((-6)/(-3))/((-6)/(-15)). Suppose 0 = 4*t - q + 13 - 402, 5*q = -w. Let l = t - 42. Is l composite?
True
Let t(g) be the third derivative of 41/60*g**6 + 0*g**5 + 0 + 0*g**3 - 2*g**2 + 1/24*g**4 + 0*g. Is t(1) a prime number?
True
Let x(s) = s**2 + 4*s + 3. Let q be x(-2). Let r be 1 + (3 - (q - -1)). Let i = r + 5. Is i prime?
False
Let h = 66 - 94. Let t = -3 - h. Is t prime?
False
Suppose -3*v = -4*v + 5. Suppose -127 = -3*c - v*f, 3*c - 5*f + 6*f - 143 = 0. Is c a composite number?
True
Let q be ((-90)/(-4))/((-3)/12). Is q/(-4) + (-1)/(-2) composite?
False
Suppose 3 = -q + 5. Suppose -2*n = q*n - 76. Is n composite?
False
Let f = -8652 + 12641. Is f composite?
False
Let t be 0 + (-4)/((-4)/3). Let r(a) = a - t*a + 21*a**2 - 6 + 5. Is r(-1) a composite number?
True
Let r(o) = 2*o**2 - 10*o - 3. Let c be r(9). Suppose -3*w + 42 = -c. Is w composite?
False
Let p(q) = -q**3 + 2*q**2 - q. Let z be p(-2). Let u = z - 9. Is u a composite number?
True
Let b be (-2)/7 + 111/21. Let r = b + -2. Is -1 - (3 - (14 - r)) composite?
False
Suppose 6*c = c. Suppose 4*x - 508 = -c*x. Is x composite?
False
Let t = -719 - -2376. Is t a prime number?
True
Let s(w) = -w**3 - 13*w**2 - 10*w + 11. Is s(-13) composite?
True
Let r(f) = -4 - 1 + 4*f**3 - 6*f - 3*f**3 + 3*f**2. Let k be r(-4). Suppose 3*x + 19 = h + 82, -3*h = -k*x + 63. Is x a prime number?
False
Let x(f) = -2*f**2. Let r be x(-1). Let o be (3/6)/((-1)/r). Is (0 + o + -2)*-91 a composite number?
True
Let z(h) = h**2 - 4*h + 2. Let r be z(4). Suppose -2*f - 5*l + 21 = -3, 0 = r*f - l. Suppose -1 = f*v - 7, 4*v + 8 = 2*y. Is y composite?
True
Suppose -n = -0*n - 47. Suppose -4*l = -n - 93. Is l a prime number?
False
Let u(r) = -r**2 - 4*r - 6. Let g be u(-6). Is g/24 - 39/(-4) a composite number?
True
Let p = -49 + 926. Is p a composite number?
False
Let i(f) = f**3 + f + 1. Let m(d) = -63*d**3 - d**2 + 2*d + 3. Let y(n) = 2*i(n) - m(n). Is y(1) a prime number?
False
Let x(j) = j**3 + 10*j**2 - 8*j + 7. Is x(-10) a prime number?
False
Suppose -4*x = -2*f - 9 - 9, -3*x + 21 = -3*f. Is (x/1 - 4) + 55 a composite number?
False
Let r(y) = -y**2 - 13*y - 5. Is r(-7) a composite number?
False
Suppose 167 = 2*x + 4*j - 175, 508 = 3*x + 5*j. Let r = 2 + x. Is r a composite number?
False
Is -487*4/(-3 - 1) a prime number?
True
Let u(k) = -4 + 0 + 4 + 48*k - 5. Is u(7) a prime number?
True
Let d be (-15)/(-12) - 6/(-8). Is 40500/132 - d/(-11) a composite number?
False
Suppose 0 = g + l - 33, -2*g + l = -0*l - 63. Let v = g + 35. Is v a prime number?
True
Let v = -27 + 46. Suppose 4*d = 3 - v. Let u = 39 + d. Is u prime?
False
Let f = 16731 - 8066. Is f a composite number?
True
Let c(k) = 31*k - 2. Let y = -2 + 5. Is c(y) prime?
False
Let c = -3 + 1. Let g be (12 + c)*(2 - 32). Let w = -173 - g. Is w a composite number?
False
Suppose 25*b - 165633 + 53608 = 0. Is b a composite number?
False
Suppose 1244 = 3*l - 2*k, 2*l - 1069 = k - 241. Is l/8 - (-2)/(-4) composite?
True
Let j(i) = -i + 20. Let m be j(18). Suppose -m*b + 115 = -43. Is b a composite number?
False
Suppose -2*g + 6 = 20. Let d(w) = -w**3 - 2*w**2 + 3*w - 15. Let x(m) = 2*m**3 + 3*m**2 - 7*m + 31. Let s(b) = -13*d(b) - 6*x(b). Is s(g) a prime number?
True
Suppose j = -4*j + 50. Let k be j - (0/1 + -2). Suppose -k = -2*m + n - 3*n, 2*n - 19 = -3*m. Is m a composite number?
False
Let a(b) = 8058*b**3 + 2*b**2 - 3*b + 2. Is a(1) a prime number?
True
Suppose -2*b + 811 = 5*u, -2*b - 658 = -4*u + b. Is u prime?
True
Suppose -10*p + 8932 + 18738 = 0. Is p prime?
True
Let f(o) be the second derivative of o**4/4 - 2*o**3/3 - o**2 - 3*o. Is f(-3) a prime number?
True
Let v(h) = 3*h**2 - 4*h + 5. Is v(4) a composite number?
False
Let v = 27 + -18. Let c = -3 + v. Suppose 308 = -2*j + c*j. Is j a composite number?
True
Let v(h) = 3*h + 3. Let w(c) = -2*c - 1. Let x(p) = -3*v(p) - 5*w(p). Let m be x(4). Is 77 - (6/(-3) - m) a composite number?
False
Let a(p) = -32*p + 3. Is a(-2) composite?
False
Suppose -3*w + 1260 = -w - 3*c, -4*c - 1258 = -2*w. Is w a composite number?
True
Let f = 70 + -17. Is f a composite number?
False
Let l(o) = -5*o**3 + o**2 + o + 1. Let h be l(2). Let y = 2 - h. Is y composite?
True
Let n(s) = -2*s. Let x be n(-2). Suppose -10 = -2*a, -4*i + a = -x*a - 19. Is i prime?
True
Suppose 6 = -4*d + 18. Suppose 34 = 5*n + d*a + 4, -5*n + 4*a + 30 = 0. Is n a composite number?
True
Let y = 13 - 9. Suppose 39 = y*q - q - k, 13 = q + 4*k. Is q composite?
False
Suppose -8*s + 11*s = 2007. Is s a composite number?
True
Let q be (-8808)/20*(-20)/8. Let c = q + -720. Is c prime?
False
Let b(u) = 2*u**2 - 5*u + 2. Suppose -3*x - 8 = -5*x. Is b(x) prime?
False
